{"id":489,"date":"2023-09-29T16:47:48","date_gmt":"2023-09-29T14:47:48","guid":{"rendered":"http:\/\/lesherissons.com\/?page_id=489"},"modified":"2023-10-09T11:19:07","modified_gmt":"2023-10-09T09:19:07","slug":"contact-copy","status":"publish","type":"page","link":"http:\/\/lesherissons.com\/?page_id=489","title":{"rendered":"Nous rejoindre"},"content":{"rendered":"\n\n\t<h1>\n\t\t\t\t\tnous rejoindre\n\t\t\t\t<\/h1>\n\t<p>Les diff\u00e9rentes \u00e9tapes pour nous rejoindre :<\/p>\n<ol>\n<li>Prendre connaissance du <strong><a href=\"http:\/\/lesherissons.com\/wp-content\/uploads\/2023\/09\/reglement_interieur_CHHJ.doc\">r\u00e8glement du club<\/a><\/strong>.<\/li>\n<li>Participer \u00e0 un cours d&rsquo;essai.<\/li>\n<li>Faire votre <a href=\"http:\/\/licencies.hockeynet.fr\/\"><strong>demande de licence<\/strong><\/a>, vous trouverez un tuto en bas de la page.<\/li>\n<li>Remplir <strong><a href=\"http:\/\/lesherissons.com\/wp-content\/uploads\/2023\/10\/fiche-inscription-hockey.pdf\">la fiche d&rsquo;inscription<\/a><\/strong>.<\/li>\n<li>Retourner votre fiche d&rsquo;inscription avec une photo d&rsquo;identit\u00e9 et le r\u00e8glement ainsi que le ch\u00e8que de caution.<\/li>\n<li>Pour une premi\u00e8re inscription, joindre un certificat m\u00e9dical ou <strong><a href=\"http:\/\/lesherissons.com\/wp-content\/uploads\/2023\/09\/Questionnaire-de-Sante-pour-les-mineurs.pdf\">Questionnaire de Sant\u00e9 pour les mineurs<\/a><\/strong>.<\/li>\n<li>Pour un renouv\u00e8lement de licence adulte, joindre le <a href=\"http:\/\/lesherissons.com\/wp-content\/uploads\/2023\/09\/Questionnaire-de-Sante-pour-les-majeurs.pdf\"><strong>Questionnaire de Sant\u00e9 pour les majeurs<\/strong>.<\/a><\/li>\n<\/ol>\n<p>&nbsp;<\/p>\n\t\t\t<a href=\"http:\/\/lesherissons.com\/wp-content\/uploads\/2023\/09\/Creation-de-votre-espace-FFHG-.pdf\" target=\"_self\" rel=\"noopener\">\n\t\t\t\t\t\t\tTuto cr\u00e9ation licence\n\t\t\t\t\t<\/a>\n\t\t\t\t<img loading=\"lazy\" decoding=\"async\" src=\"http:\/\/lesherissons.com\/wp-content\/uploads\/2023\/09\/e.png\" alt=\"e\" itemprop=\"image\" height=\"185\" width=\"476\" title=\"e\" onerror=\"this.style.display='none'\"  \/>\n\n","protected":false},"excerpt":{"rendered":"<p>nous rejoindre Les diff\u00e9rentes \u00e9tapes pour nous rejoindre : Prendre connaissance du r\u00e8glement du club. Participer \u00e0 un cours d&rsquo;essai. Faire votre demande de licence, vous trouverez un tuto en bas de la page. Remplir la fiche d&rsquo;inscription. Retourner votre fiche d&rsquo;inscription avec une photo d&rsquo;identit\u00e9 et le r\u00e8glement ainsi que le ch\u00e8que de caution. &hellip;<\/p>\n<p class=\"read-more\"> <a class=\"\" href=\"http:\/\/lesherissons.com\/?page_id=489\"> <span class=\"screen-reader-text\">Nous rejoindre<\/span> Lire la suite\u00a0\u00bb<\/a><\/p>\n","protected":false},"author":1,"featured_media":0,"parent":0,"menu_order":0,"comment_status":"closed","ping_status":"closed","template":"","meta":{"site-sidebar-layout":"no-sidebar","site-content-layout":"page-builder","ast-site-content-layout":"full-width-container","site-content-style":"unboxed","site-sidebar-style":"unboxed","ast-global-header-display":"","ast-banner-title-visibility":"","ast-main-header-display":"","ast-hfb-above-header-display":"","ast-hfb-below-header-display":"","ast-hfb-mobile-header-display":"","site-post-title":"disabled","ast-breadcrumbs-content":"","ast-featured-img":"disabled","footer-sml-layout":"","theme-transparent-header-meta":"enabled","adv-header-id-meta":"","stick-header-meta":"","header-above-stick-meta":"","header-main-stick-meta":"","header-below-stick-meta":"","astra-migrate-meta-layouts":"set","footnotes":""},"class_list":["post-489","page","type-page","status-publish","hentry"],"_links":{"self":[{"href":"http:\/\/lesherissons.com\/index.php?rest_route=\/wp\/v2\/pages\/489","targetHints":{"allow":["GET"]}}],"collection":[{"href":"http:\/\/lesherissons.com\/index.php?rest_route=\/wp\/v2\/pages"}],"about":[{"href":"http:\/\/lesherissons.com\/index.php?rest_route=\/wp\/v2\/types\/page"}],"author":[{"embeddable":true,"href":"http:\/\/lesherissons.com\/index.php?rest_route=\/wp\/v2\/users\/1"}],"replies":[{"embeddable":true,"href":"http:\/\/lesherissons.com\/index.php?rest_route=%2Fwp%2Fv2%2Fcomments&post=489"}],"version-history":[{"count":7,"href":"http:\/\/lesherissons.com\/index.php?rest_route=\/wp\/v2\/pages\/489\/revisions"}],"predecessor-version":[{"id":535,"href":"http:\/\/lesherissons.com\/index.php?rest_route=\/wp\/v2\/pages\/489\/revisions\/535"}],"wp:attachment":[{"href":"http:\/\/lesherissons.com\/index.php?rest_route=%2Fwp%2Fv2%2Fmedia&parent=489"}],"curies":[{"name":"wp","href":"https:\/\/api.w.org\/{rel}","templated":true}]}}